{"id":25,"date":"2024-02-06T16:34:10","date_gmt":"2024-02-06T16:34:10","guid":{"rendered":"https:\/\/yakultsymposiumbrazil.com.br\/?page_id=25"},"modified":"2025-03-25T19:45:08","modified_gmt":"2025-03-25T19:45:08","slug":"schedule","status":"publish","type":"page","link":"https:\/\/yakultsymposiumbrazil.com.br\/2025\/schedule\/","title":{"rendered":"Scientific Program"},"content":{"rendered":"\t\t<div data-elementor-type=\"wp-page\" data-elementor-id=\"25\" class=\"elementor elementor-25\" data-elementor-post-type=\"page\">\n\t\t\t\t\t\t<section class=\"elementor-section elementor-top-section elementor-element elementor-element-0a76bad elementor-section-content-middle elementor-section-boxed elementor-section-height-default elementor-section-height-default wpr-particle-no wpr-jarallax-no wpr-parallax-no wpr-sticky-section-no\" data-id=\"0a76bad\" data-element_type=\"section\">\n\t\t\t\t\t\t<div class=\"elementor-container elementor-column-gap-default\">\n\t\t\t\t\t<div class=\"elementor-column elementor-col-50 elementor-top-column elementor-element elementor-element-062416a\" data-id=\"062416a\" data-element_type=\"column\">\n\t\t\t<div class=\"elementor-widget-wrap elementor-element-populated\">\n\t\t\t\t\t\t<div class=\"elementor-element elementor-element-61e010b elementor-widget elementor-widget-heading\" data-id=\"61e010b\" data-element_type=\"widget\" data-widget_type=\"heading.default\">\n\t\t\t\t<div class=\"elementor-widget-container\">\n\t\t\t<style>\/*! elementor - v3.19.0 - 05-02-2024 *\/\n.elementor-heading-title{padding:0;margin:0;line-height:1}.elementor-widget-heading .elementor-heading-title[class*=elementor-size-]>a{color:inherit;font-size:inherit;line-height:inherit}.elementor-widget-heading .elementor-heading-title.elementor-size-small{font-size:15px}.elementor-widget-heading .elementor-heading-title.elementor-size-medium{font-size:19px}.elementor-widget-heading .elementor-heading-title.elementor-size-large{font-size:29px}.elementor-widget-heading .elementor-heading-title.elementor-size-xl{font-size:39px}.elementor-widget-heading .elementor-heading-title.elementor-size-xxl{font-size:59px}<\/style><p class=\"elementor-heading-title elementor-size-default\">Scientific Program<\/p>\t\t<\/div>\n\t\t\t\t<\/div>\n\t\t\t\t\t<\/div>\n\t\t<\/div>\n\t\t\t\t<div class=\"elementor-column elementor-col-50 elementor-top-column elementor-element elementor-element-47bc483 elementor-hidden-tablet elementor-hidden-mobile\" data-id=\"47bc483\" data-element_type=\"column\">\n\t\t\t<div class=\"elementor-widget-wrap elementor-element-populated\">\n\t\t\t\t\t\t<div class=\"elementor-element elementor-element-516680e elementor-icon-list--layout-inline elementor-align-right elementor-mobile-align-center elementor-list-item-link-full_width elementor-widget elementor-widget-icon-list\" data-id=\"516680e\" data-element_type=\"widget\" data-widget_type=\"icon-list.default\">\n\t\t\t\t<div class=\"elementor-widget-container\">\n\t\t\t<link rel=\"stylesheet\" href=\"https:\/\/yakultsymposiumbrazil.com.br\/2025\/wp-content\/uploads\/elementor\/css\/custom-widget-icon-list.min.css?ver=1765199454\">\t\t<ul class=\"elementor-icon-list-items elementor-inline-items\">\n\t\t\t\t\t\t\t<li class=\"elementor-icon-list-item elementor-inline-item\">\n\t\t\t\t\t\t\t\t\t\t<span class=\"elementor-icon-list-text\">Home<\/span>\n\t\t\t\t\t\t\t\t\t<\/li>\n\t\t\t\t\t\t\t\t<li class=\"elementor-icon-list-item elementor-inline-item\">\n\t\t\t\t\t\t\t\t\t\t<span class=\"elementor-icon-list-text\">Scientific Program<\/span>\n\t\t\t\t\t\t\t\t\t<\/li>\n\t\t\t\t\t\t<\/ul>\n\t\t\t\t<\/div>\n\t\t\t\t<\/div>\n\t\t\t\t\t<\/div>\n\t\t<\/div>\n\t\t\t\t\t<\/div>\n\t\t<\/section>\n\t\t\t\t<section class=\"elementor-section elementor-top-section elementor-element elementor-element-37e642f elementor-section-boxed elementor-section-height-default elementor-section-height-default wpr-particle-no wpr-jarallax-no wpr-parallax-no wpr-sticky-section-no\" data-id=\"37e642f\" data-element_type=\"section\">\n\t\t\t\t\t\t<div class=\"elementor-container elementor-column-gap-default\">\n\t\t\t\t\t<div class=\"elementor-column elementor-col-100 elementor-top-column elementor-element elementor-element-442ce2d\" data-id=\"442ce2d\" data-element_type=\"column\">\n\t\t\t<div class=\"elementor-widget-wrap elementor-element-populated\">\n\t\t\t\t\t\t<div class=\"elementor-element elementor-element-5222e38 elementor-widget elementor-widget-text-editor\" data-id=\"5222e38\" data-element_type=\"widget\" data-widget_type=\"text-editor.default\">\n\t\t\t\t<div class=\"elementor-widget-container\">\n\t\t\t<style>\/*! elementor - v3.19.0 - 05-02-2024 *\/\n.elementor-widget-text-editor.elementor-drop-cap-view-stacked .elementor-drop-cap{background-color:#69727d;color:#fff}.elementor-widget-text-editor.elementor-drop-cap-view-framed .elementor-drop-cap{color:#69727d;border:3px solid;background-color:transparent}.elementor-widget-text-editor:not(.elementor-drop-cap-view-default) .elementor-drop-cap{margin-top:8px}.elementor-widget-text-editor:not(.elementor-drop-cap-view-default) .elementor-drop-cap-letter{width:1em;height:1em}.elementor-widget-text-editor .elementor-drop-cap{float:left;text-align:center;line-height:1;font-size:50px}.elementor-widget-text-editor .elementor-drop-cap-letter{display:inline-block}<\/style>\t\t\t\t<p class=\"p1\">The scientific program is constantly updated. Please visit this page frequently to check the updated schedule.<\/p>\t\t\t\t\t\t<\/div>\n\t\t\t\t<\/div>\n\t\t\t\t<div class=\"elementor-element elementor-element-daafe84 elementor-widget elementor-widget-html\" data-id=\"daafe84\" data-element_type=\"widget\" data-widget_type=\"html.default\">\n\t\t\t\t<div class=\"elementor-widget-container\">\n\t\t\t<input type=\"text\" id=\"busca\" placeholder=\"Search...\">\n\n<script>\ndocument.addEventListener(\"DOMContentLoaded\", function(){\nvar cells = document.querySelectorAll(\".table-container table tbody td\");\ncells.forEach(function(cell){\ncell.setAttribute(\"data-original\", cell.innerHTML);\n});\ndocument.getElementById(\"busca\").addEventListener(\"keyup\", function(){\nvar termo = this.value.toLowerCase();\nvar linhas = document.querySelectorAll(\".table-container table tbody tr\");\nlinhas.forEach(function(linha){\nvar encontrou = false;\nvar tds = linha.querySelectorAll(\"td\");\ntds.forEach(function(td){\ntd.innerHTML = td.getAttribute(\"data-original\");\nif(termo !== \"\"){\nvar re = new RegExp(\"(\"+termo+\")\", \"gi\");\nif(td.innerText.toLowerCase().indexOf(termo) > -1){\nencontrou = true;\ntd.innerHTML = td.innerHTML.replace(re, '<span style=\"background-color: yellow;\">$1<\/span>');\n}\n}\n});\nlinha.style.display = encontrou || termo === \"\" ? \"\" : \"none\";\n});\n});\n});\n<\/script>\n\t\t<\/div>\n\t\t\t\t<\/div>\n\t\t\t\t<div class=\"elementor-element elementor-element-fec43a4 elementor-widget__width-initial elementor-widget elementor-widget-text-editor\" data-id=\"fec43a4\" data-element_type=\"widget\" data-widget_type=\"text-editor.default\">\n\t\t\t\t<div class=\"elementor-widget-container\">\n\t\t\t\t\t\t\t<div class=\"table-container\"><table border=\"1\" cellspacing=\"0\" cellpadding=\"5\"><tbody><tr><td style=\"font-weight: bold;\" colspan=\"2\">27 March 2025<\/td><\/tr><tr><td>08h00-09h00<\/td><td>Registration<\/td><\/tr><tr><td>09h00-09h30<\/td><td>Opening Ceremony<br \/>Mr. Atsushi Nemoto, President of Yakult Brazil<br \/>Ms. Helena Sanae Kajikawa, Yakult Brazil, co-President of the conference<br \/>Prof. Svetoslav D Todorov, Faculty of Pharmaceutical Sciences, University of Sao Paulo, co-President of the conference<br \/>Prof. Joilson O. Martins, director of the Faculty of Pharmaceutical Sciences, University of Sao Paulo<\/td><\/tr><tr><td>09h30-10h15<\/td><td>Moderator: Prof. Svetoslav Todorov<br \/>Plenary lecture: Dr. Tatsuichiro Shima, Yakult Central Institute<br \/>Characteristics of gut microbiome, organic acid profiles and viral antibody indexes of healthy Japanese with live Lacticaseibacillus detected in stool<\/td><\/tr><tr><td>10h15-11h40<\/td><td>Session: New horizons for beneficial microbes in human health<br \/>Moderator: Prof. Vasco Azevedo<\/td><\/tr><tr><td>10h15-10h40<\/td><td>Dr. Hannia Leon, ILSI Mesoamerica, Costa Rica<br \/><span lang=\"EN-US\">The Gut Microbiome and Aging. ILSI\u00b4s Global Scientific Approach<\/span><\/td><\/tr><tr><td>10h40-11h05<\/td><td>Prof. Vasco Azevedo, UFMG, Belo Horizonte, MG, Brazil<br \/>Probiogenomics: Genomic analysis of probiotics and their health benefits<\/td><\/tr><tr><td>11h05-11h30<\/td><td>Prof. Alexander N. Suvorov, Russian Academy of Science, Institute of Experimental Medicine, Saint-Petersburg, Russia<br \/>Microbial therapy of infectious and non-infectious diseases, reasons behind and novel approaches for making probiotics<\/td><\/tr><tr><td>11h30-11h40<\/td><td>Discussion<\/td><\/tr><tr><td>11h40-13h10<\/td><td>Session: Beneficial qualities beyond probiotics<br \/>Moderator: Prof. Svetoslav Dimitrov Todorov<\/td><\/tr><tr><td>11h40-12h00<\/td><td>Prof. Svetoslav D Todorov, FCF\/USP, S\u00e3o Paulo, SP, Brazil<br \/>Safety evaluations, an essential step in validation of bacteriocin-producing lactic acid bacteria in biotechnological processes<\/td><\/tr><tr><td>12h00-12h20<\/td><td>Prof. Ana Lucia Barretto Penna, UNESP, S\u00e3o Jos\u00e9 do Rio Preto, SP, Brazil<br \/>Helthy and tasty food: Innovative applications of probiotic lactic acid bacteria in fermented foods<\/td><\/tr><tr><td><p>12h20-12h40<\/p><p><img decoding=\"async\" class=\"alignnone wp-image-1898\" src=\"https:\/\/yakultsymposiumbrazil.com.br\/2025\/wp-content\/uploads\/2025\/02\/Youtube_logo-300x208.png\" alt=\"\" width=\"28\" height=\"19\" srcset=\"https:\/\/yakultsymposiumbrazil.com.br\/2025\/wp-content\/uploads\/2025\/02\/Youtube_logo-300x208.png 300w, https:\/\/yakultsymposiumbrazil.com.br\/2025\/wp-content\/uploads\/2025\/02\/Youtube_logo.png 640w\" sizes=\"(max-width: 28px) 100vw, 28px\" \/><\/p><\/td><td>Prof. Santosh Kumar Tiwari, Maharshi Dayanand University, Rohtak, Haryana, India.<br \/>Bacteriocin production among lactic acid bacteria: A recently discovered probiotic trait having multifarious applications in human and animal health<\/td><\/tr><tr><td>12h40-13h00<\/td><td>Prof. Ingrid Suryanti Surono, Bina Nusantara University, Jakarta, Indonesia<br \/>Functional foods for a healthy microbiome<\/td><\/tr><tr><td>13h00-13h10<\/td><td>Discussion<\/td><\/tr><tr><td>13h10-14h30<\/td><td>Lunch time<\/td><\/tr><tr><td>14h30-15h00<\/td><td>Session: Future of science: Students talks &amp; selected presentations<br \/>Moderator: Prof. Ana Lucia Barretto Penna<\/td><\/tr><tr><td>14h30-14h40<\/td><td>Gabriele Manamy Baba Rodrigues, ICB &#8211; Instituto de Ci\u00eancias Biom\u00e9dicas da USP, S\u00e3o Paulo, SP, Brazil<br \/>Contextual effect and safety of probiotics consumption in intestinal inflammatory processes<\/td><\/tr><tr><td>14h40-14h50<\/td><td>Kayque Carneiro, FCF\/USP, S\u00e3o Paulo, SP, Brazil<br \/>Evaluation for optimal conditions of \u03b3-aminobutyric acid production by Lactiplantibacillus plantarum ST0414<\/td><\/tr><tr><td>14h50-15h00<\/td><td>Priscila Longo, Universidade S\u00e3o Judas Tadeu, S\u00e3o Paulo, SP, Brazil<br \/>Effects of synbiotics, protein supplementation associated to resistance training on inflammation, oxidative stress, and muscle strength in older adults with type 2 diabetes mellitus: A triple-blinded randomized controlled trial<\/td><\/tr><tr><td>15h00-16h30<\/td><td>Coffee &amp; poster session<\/td><\/tr><tr><td>16h30-18h00<\/td><td>Session: Regulation and healthy microbes: match or mismatch?<br \/>Moderator: Bruno Pot<\/td><\/tr><tr><td>16h30-17h00<\/td><td>Dr. Bruno Pot, Yakult, The Netherlands<br \/>Dietary microbes, a necessary recommendation for healthy eating?<\/td><\/tr><tr><td>17h00-17h25<\/td><td>Prof. Celia Ferreira, Federal University of Vicosa, Vicosa, MG, Brazil<br \/>Probiotic and probiotic health claims: Comparative regulatory frameworks<\/td><\/tr><tr><td>17h25-17h50<\/td><td>Dr. Clenio Pillon, EMBRAPA, Brasilia, DF, Brazil<br \/>Probiotics for Safe and Healthy foods: Embrapa\u2019s \u201cOne Health\u201d Program<\/td><\/tr><tr><td>\u00a0<\/td><td>\u00a0<\/td><\/tr><tr><td>17h50-18h00<\/td><td>Discussion<\/td><\/tr><tr><td>18h30-20h30<\/td><td>Happy Hour<\/td><\/tr><tr><td style=\"font-weight: bold;\" colspan=\"2\">28 March 2025<\/td><\/tr><tr><td>08h00-09h00<\/td><td>Registration<\/td><\/tr><tr><td>09h00-09h45<\/td><td>Moderator: Prof. Michael Chikindas<br \/>Plenary lecture: Dr. Kana Yahagi, Yakult Central Institute<br \/>Gut microbiota development and short-chain fatty acid composition in early life<\/td><\/tr><tr><td>09h45-11h20<\/td><td>Session: Can Beneficial Microbes Boost Your Performance, Mood, and Cosmic Adventure?<br \/>Moderator: Prof. Adriane Elisabete Antunes de Moraes<\/td><\/tr><tr><td>09h45-10h10<\/td><td>Prof. Adriane Elisabete Antunes de Moraes, UNICAMP, Limeira, SP, Brazil<br \/>Microbiota modulation and sports performance<\/td><\/tr><tr><td>10h10-10h35<\/td><td>Prof. Viacheslav Konstantinovich Ilyin, Russian Federation State Scientific Center \u2013 Institute for Biomedical Problems, Russian Academy of Sciences, Moscow, Russia<br \/>Experience of Autoprobiotics Application for Correction Human Microbiota Under Conditions of Isolation and Dry Immersion<\/td><\/tr><tr><td>10h35-11h10<\/td><td>Prof. Andre Bachi, Federal University of S\u00e3o Paulo, Sao Paulo, SP, Brazil<br \/>Daily Intake of Fermented Milk Containing Lactobacillus casei Shirota (Lcs) \u2013 Modulatory effects on Immune and Inflammatory Responses in Marathon Runners<\/td><\/tr><tr><td>11h10-11h20<\/td><td>Discussion<\/td><\/tr><tr><td>11h20-12h00<\/td><td>Session: New generation in science: Students talks &amp; selected presentations<br \/>Moderator: Prof. Djamel Drider<\/td><\/tr><tr><td>11h20-11h35<\/td><td>Dr. Fran\u00e7oise Coucheney, University of Lille, Lille, France<br \/>Local artisanal dairy fermented products as reservoir of beneficial microorganisms<\/td><\/tr><tr><td>11h35-11h50<\/td><td>Dr. Adriano Cruz, Instituto Federal de Rio de Janeiro, Rio de Janeiro, RJ, Brazil<br \/>Functional Minas frescal cheese with spore-forming Weizmannia coagulans GBI-30<\/td><\/tr><tr><td>11h50-12h00<\/td><td><p>Raquel Franco Leal, UNICAMP, Campinas, SP, Brazil\u00a0<br \/>Gut microbiome composition and its association with dietary factors in Crohn\u2019s disease<\/p><\/td><\/tr><tr><td>12h00-13h15<\/td><td>Lunch time<\/td><\/tr><tr><td>13h15-15h00<\/td><td>Session: How they work and what they do<br \/>Moderator: Prof. Andr\u00e9 Bachi<\/td><\/tr><tr><td><p>13h15-13h35<\/p><p><img decoding=\"async\" class=\"alignnone wp-image-1898\" src=\"https:\/\/yakultsymposiumbrazil.com.br\/2025\/wp-content\/uploads\/2025\/02\/Youtube_logo-300x208.png\" alt=\"\" width=\"28\" height=\"19\" srcset=\"https:\/\/yakultsymposiumbrazil.com.br\/2025\/wp-content\/uploads\/2025\/02\/Youtube_logo-300x208.png 300w, https:\/\/yakultsymposiumbrazil.com.br\/2025\/wp-content\/uploads\/2025\/02\/Youtube_logo.png 640w\" sizes=\"(max-width: 28px) 100vw, 28px\" \/><\/p><\/td><td>Prof. Wilhelm Holzapfel, Handong Global University, Republic of Korea<br \/>Discovering functional probiotics protecting against inflammatory Bowel disease<\/td><\/tr><tr><td><p>13h35-14h00<\/p><p><img decoding=\"async\" class=\"alignnone wp-image-1898\" src=\"https:\/\/yakultsymposiumbrazil.com.br\/2025\/wp-content\/uploads\/2025\/02\/Youtube_logo-300x208.png\" alt=\"\" width=\"28\" height=\"19\" srcset=\"https:\/\/yakultsymposiumbrazil.com.br\/2025\/wp-content\/uploads\/2025\/02\/Youtube_logo-300x208.png 300w, https:\/\/yakultsymposiumbrazil.com.br\/2025\/wp-content\/uploads\/2025\/02\/Youtube_logo.png 640w\" sizes=\"(max-width: 28px) 100vw, 28px\" \/><\/p><\/td><td>Prof. Nadiya Boyko, Uzhhorod National University, Ukraine<br \/>Microbiome and atherosclerosis biomarkers or how could we prevent age- and stress- relevant diseases individually<\/td><\/tr><tr><td>14h00-14h25<\/td><td>Prof. Gislane Lelis Vilela de Oliveira, UNESP, Botucatu, SP, Brazil<br \/>The role of the microbiota-immune system axis in probiotic functions<\/td><\/tr><tr><td>14h25-14h50<\/td><td>Prof. Mauro Walter Vaisberg, UNIFESP, S\u00e3o Paulo, SP, Brasil\u00a0<br \/>Probi\u00f3ticos e polui\u00e7\u00e3o atmosf\u00e9rica<\/td><\/tr><tr><td>14h50-15h00<\/td><td>Discussion<\/td><\/tr><tr><td>15h00-16h30<\/td><td>Coffee &amp; poster session<\/td><\/tr><tr><td>16h30-17h30<\/td><td>Session: The power of probiotics: How microbes can enhance animal nutrition and performance<br \/>Moderator: Prof. Michael Leonidas Chikindas<\/td><\/tr><tr><td>16h30-16h50<\/td><td>Prof. Michael L. Chikindas, Rutgers State University, New Brunswick, NJ, USA<br \/>Sporeforming probiotics for poultry: what, where, and how?<\/td><\/tr><tr><td><p>16h50-17h10<\/p><p><img decoding=\"async\" class=\"alignnone wp-image-1898\" src=\"https:\/\/yakultsymposiumbrazil.com.br\/2025\/wp-content\/uploads\/2025\/02\/Youtube_logo-300x208.png\" alt=\"\" width=\"28\" height=\"19\" srcset=\"https:\/\/yakultsymposiumbrazil.com.br\/2025\/wp-content\/uploads\/2025\/02\/Youtube_logo-300x208.png 300w, https:\/\/yakultsymposiumbrazil.com.br\/2025\/wp-content\/uploads\/2025\/02\/Youtube_logo.png 640w\" sizes=\"(max-width: 28px) 100vw, 28px\" \/><\/p><\/td><td>Prof. Seyed Hossein Hoseinifar, Gorgan University of Agricultural Sciences and Natural Resources, Gorgan, Iran.<br \/>Intensified but sustainable aquaculture, the implication of novel microbial feed supplement<\/td><\/tr><tr><td>17h10-17h30<\/td><td>Prof. Djamel Drider, University of Lille, Lille, France<br \/>Role of enterocin DD14 in prophylactic and therapeutic control of necrotic enteritis in broilers using Enterococcus faecalis 14 and its \u0394bac mutant<\/td><\/tr><tr><td>17h30-17h40<\/td><td>Discussion<\/td><\/tr><tr><td>17h40-18h00<\/td><td>Awards and Closing ceremony<br \/>Presentation of the Awards<br \/>Mr. Hidenori Yoshitomi, Superintendent Director of Yakult Brazil<br \/>Ms. Helena Sanae Kajikawa, Yakult Brazil, co-president of the conference<br \/>Prof. Svetoslav D. Todorov, Faculty of Pharmaceutical Sciences, University of Sao Paulo, co-president of the conference<\/td><\/tr><\/tbody><\/table><\/div>\t\t\t\t\t\t<\/div>\n\t\t\t\t<\/div>\n\t\t\t\t<div class=\"elementor-element elementor-element-d39c32b elementor-position-left elementor-vertical-align-top elementor-widget elementor-widget-image-box\" data-id=\"d39c32b\" data-element_type=\"widget\" data-widget_type=\"image-box.default\">\n\t\t\t\t<div class=\"elementor-widget-container\">\n\t\t\t<style>.elementor-widget-image-box .elementor-image-box-content{width:100%}@media (min-width:768px){.elementor-widget-image-box.elementor-position-left .elementor-image-box-wrapper,.elementor-widget-image-box.elementor-position-right .elementor-image-box-wrapper{display:flex}.elementor-widget-image-box.elementor-position-right .elementor-image-box-wrapper{text-align:right;flex-direction:row-reverse}.elementor-widget-image-box.elementor-position-left .elementor-image-box-wrapper{text-align:left;flex-direction:row}.elementor-widget-image-box.elementor-position-top .elementor-image-box-img{margin:auto}.elementor-widget-image-box.elementor-vertical-align-top .elementor-image-box-wrapper{align-items:flex-start}.elementor-widget-image-box.elementor-vertical-align-middle .elementor-image-box-wrapper{align-items:center}.elementor-widget-image-box.elementor-vertical-align-bottom .elementor-image-box-wrapper{align-items:flex-end}}@media (max-width:767px){.elementor-widget-image-box .elementor-image-box-img{margin-left:auto!important;margin-right:auto!important;margin-bottom:15px}}.elementor-widget-image-box .elementor-image-box-img{display:inline-block}.elementor-widget-image-box .elementor-image-box-title a{color:inherit}.elementor-widget-image-box .elementor-image-box-wrapper{text-align:center}.elementor-widget-image-box .elementor-image-box-description{margin:0}<\/style><div class=\"elementor-image-box-wrapper\"><figure class=\"elementor-image-box-img\"><img fetchpriority=\"high\" decoding=\"async\" width=\"640\" height=\"443\" src=\"https:\/\/yakultsymposiumbrazil.com.br\/2025\/wp-content\/uploads\/2025\/02\/Youtube_logo.png\" class=\"attachment-full size-full wp-image-1898\" alt=\"\" srcset=\"https:\/\/yakultsymposiumbrazil.com.br\/2025\/wp-content\/uploads\/2025\/02\/Youtube_logo.png 640w, https:\/\/yakultsymposiumbrazil.com.br\/2025\/wp-content\/uploads\/2025\/02\/Youtube_logo-300x208.png 300w\" sizes=\"(max-width: 640px) 100vw, 640px\" \/><\/figure><div class=\"elementor-image-box-content\"><h3 class=\"elementor-image-box-title\">* Video session <\/h3><\/div><\/div>\t\t<\/div>\n\t\t\t\t<\/div>\n\t\t\t\t\t<\/div>\n\t\t<\/div>\n\t\t\t\t\t<\/div>\n\t\t<\/section>\n\t\t\t\t<section class=\"elementor-section elementor-top-section elementor-element elementor-element-af8597b elementor-section-boxed elementor-section-height-default elementor-section-height-default wpr-particle-no wpr-jarallax-no wpr-parallax-no wpr-sticky-section-no\" data-id=\"af8597b\" data-element_type=\"section\">\n\t\t\t\t\t\t<div class=\"elementor-container elementor-column-gap-default\">\n\t\t\t\t\t<div class=\"elementor-column elementor-col-100 elementor-top-column elementor-element elementor-element-ba26d88\" data-id=\"ba26d88\" data-element_type=\"column\">\n\t\t\t<div class=\"elementor-widget-wrap elementor-element-populated\">\n\t\t\t\t\t\t\t<\/div>\n\t\t<\/div>\n\t\t\t\t\t<\/div>\n\t\t<\/section>\n\t\t\t\t<\/div>\n\t\t","protected":false},"excerpt":{"rendered":"<p>Scientific Program Home The scientific program is constantly updated. Please visit this page frequently to check the updated schedule. 27 March 2025 08h00-09h00 Registration 09h00-09h30 Opening CeremonyMr. Atsushi Nemoto, President of Yakult BrazilMs. Helena Sanae Kajikawa, Yakult Brazil, co-President of the conferenceProf. Svetoslav D Todorov, Faculty of Pharmaceutical Sciences, University of Sao Paulo, co-President of [&hellip;]<\/p>\n","protected":false},"author":1,"featured_media":0,"parent":0,"menu_order":0,"comment_status":"closed","ping_status":"closed","template":"","meta":{"footnotes":""},"_links":{"self":[{"href":"https:\/\/yakultsymposiumbrazil.com.br\/2025\/wp-json\/wp\/v2\/pages\/25"}],"collection":[{"href":"https:\/\/yakultsymposiumbrazil.com.br\/2025\/wp-json\/wp\/v2\/pages"}],"about":[{"href":"https:\/\/yakultsymposiumbrazil.com.br\/2025\/wp-json\/wp\/v2\/types\/page"}],"author":[{"embeddable":true,"href":"https:\/\/yakultsymposiumbrazil.com.br\/2025\/wp-json\/wp\/v2\/users\/1"}],"replies":[{"embeddable":true,"href":"https:\/\/yakultsymposiumbrazil.com.br\/2025\/wp-json\/wp\/v2\/comments?post=25"}],"version-history":[{"count":258,"href":"https:\/\/yakultsymposiumbrazil.com.br\/2025\/wp-json\/wp\/v2\/pages\/25\/revisions"}],"predecessor-version":[{"id":2054,"href":"https:\/\/yakultsymposiumbrazil.com.br\/2025\/wp-json\/wp\/v2\/pages\/25\/revisions\/2054"}],"wp:attachment":[{"href":"https:\/\/yakultsymposiumbrazil.com.br\/2025\/wp-json\/wp\/v2\/media?parent=25"}],"curies":[{"name":"wp","href":"https:\/\/api.w.org\/{rel}","templated":true}]}}